(-10)*120/(-9). Calculate the greatest common factor of w and s.
24
Let w = 2534 + 2594. Calculate the greatest common divisor of 32 and w.
8
Suppose 0 = -8*d - 1437 + 1541. What is the highest common divisor of 5707 and d?
13
Let g be (-8)/32 - (-15)/(-4). Let v = 4 - g. What is the highest common factor of v and 52?
4
Suppose 50*b - 54614 = -3778 + 99264. What is the greatest common factor of b and 190?
38
Suppose 5*z + 4*i - 146 = 1231, z - 5*i = 287. Let k = z + -236. What is the highest common divisor of k and 328?
41
Let l(y) = -4*y + 48. Let p be l(9). Suppose p*g = 53*g - 328. What is the highest common divisor of 128 and g?
8
Let r = 148 - 118. Suppose 42 = 4*l - r. Calculate the highest common divisor of 45 and l.
9
Let y = 1431 + -1186. Calculate the highest common divisor of y and 4067.
49
Suppose 0 = -9*g - 12*g + 5*g. Suppose 4*d + g*d = 144. Calculate the highest common factor of 90 and d.
18
Let k = -1031 + 1207. Calculate the greatest common divisor of k and 3256.
88
Suppose 514*k - 240 = 508*k. Let j(a) = a**3 - a**2 + a - 3. Let c be j(0). Let l be 25 + (c - (1 - 3)). Calculate the highest common divisor of l and k.
8
Let q(r) = -25 - 5*r**3 - r**2 + 0*r**2 - 17*r + 4*r**3 - 9*r**2. Let z be q(-10). Suppose -4*j = -z + 9. Calculate the highest common factor of 17 and j.
17
Let o = 5632 - 2176. What is the highest common factor of 640 and o?
128
Suppose l = -2*x + 497, -17*x + 21*x + 13*l - 1005 = 0. Calculate the highest common factor of 2108 and x.
124
Suppose 2*f = 5*b - 17 - 65, 17 = b - f. Let u = -7762 + 7778. Calculate the greatest common divisor of u and b.
16
Let r be ((-65)/15)/((-6)/36). Calculate the greatest common divisor of 58 and r.
2
Let a be (-274)/(9/((-135)/10)) - (8 - 1). Calculate the highest common divisor of 36 and a.
4
Let r = -3 + 3. Suppose r*i = -i + 14. Let n(s) = s**3 + 8*s**2 - 130*s - 25. Let h be n(-16). Calculate the highest common divisor of h and i.
7
Let j = 8 + 180. Suppose w = 3*w - j. Suppose -3*i - w = -220. What is the greatest common factor of 14 and i?
14
Let k = 337 - 780. Let w = k + 562. What is the highest common factor of w and 34?
17
Let i = -8867 + 9357. Calculate the highest common divisor of i and 182.
14
Let d = -254 + 144. Let u = -74 - d. What is the greatest common factor of u and 126?
18
Suppose 4*b = 6*b - 3*g - 23, -2*b + 26 = -4*g. Let d be 28/b - 0 - -10. What is the highest common divisor of d and 7?
7
Let b(n) = 32*n**2 - 4*n - 21. Let g be b(-5). Suppose 5*k + 3*s = -2510, -s - s = -10. Let r = g + k. What is the highest common divisor of r and 42?
42
Let u(k) = -k**2 + 37*k + 276. Let h be u(-6). Suppose -3*a + 155 = 5*d + 14, -a + 2 = 0. What is the highest common factor of h and d?
9
Let c(n) = -24*n**2 + 176*n - 9. Let w be c(6). What is the greatest common divisor of w and 1403?
61
Let f = -100 - -102. Suppose 8*p - 7*p = 5*z - 266, -f*z + 120 = 3*p. What is the greatest common factor of z and 135?
27
Suppose -6*r + t + 333 = -4*r, -4*r + 681 = 3*t. Let v = 348 + -292. What is the greatest common factor of r and v?
56
Let z = -7863 + 7907. Let j be 4/1 + (-5 - -3). Suppose -3*r = -j*r - 4. What is the greatest common factor of r and z?
4
Suppose 0 = -a + o + 227, -2*a - o + 223 = -a. Calculate the greatest common divisor of 576 and a.
9
Let h be 43/3*(2 + 1). Let d(a) = -20*a**2 + 18*a - 122. Let b be d(5). Let t = -360 - b. What is the greatest common factor of h and t?
43
Let t(c) = 3*c**2 - 17*c + 82. Let j be t(6). Calculate the highest common divisor of 561 and j.
11
Suppose 2*d + 2394 = 40*d. Let u be 53/3 - 5/(-15). What is the highest common divisor of u and d?
9
Let s(w) = -14*w - 41. Let i be s(12). Let t = 137 + i. Let k = -67 - t. Calculate the highest common divisor of k and 20.
5
Let z be (-7)/(1*(-1)/4). Let g(x) = -x**3 - 3*x**2 - 154*x - 1008. Let a be g(-7). What is the highest common divisor of z and a?
14
Let m = 2158465 - 2158462. Let k be 2/(-2) - (-2 - 2). Suppose k*i = 5*i - 12. Calculate the greatest common divisor of m and i.
3
Let w be (-3693)/15 + (-3)/(-15). Let n be w*(-1)/(-2)*-1. Suppose -8*g = 5*g - 1066. Calculate the highest common factor of n and g.
41
Suppose 0 = 42*h - 39*h + 5*z - 115, 2*h - 2*z = 50. Calculate the highest common divisor of h and 15.
15
Let m(f) = -72*f + 28. Let g(l) = 9 + 11*l - 3*l - 19*l - 13*l. Let n(u) = -8*g(u) + 3*m(u). Let y be n(-5). Calculate the highest common divisor of 12 and y.
12
Let f be 20 - (2 + -3) - -1. Let i be (80 - 0) + ((-3)/(-2))/(2/(-4)). What is the greatest common divisor of f and i?
11
Let z = -4 - -11. Suppose -4*a + 4 = -3*a. Suppose -a*m = -9*m - 20, m - 304 = -4*k. Calculate the greatest common divisor of z and k.
7
Let k = 5296 + -5288. What is the greatest common factor of k and 1388?
4
Let q = 35 - 23. Let p be 1*3/(q/140). What is the highest common divisor of p and 15?
5
Suppose 87*p = -54*p + 5*p + 888352. Calculate the greatest common divisor of p and 184.
92
Let k(y) = y**2 - 8*y - 15. Let d be k(9). Let u be (d/(-2) + -2)/((-4)/8). Let h be u/8*3 + (-1035)/(-36). What is the greatest common divisor of 7 and h?
7
Let w = 5 - 3. Suppose -2*l + 3*l - 4*p + 10 = 0, -58 = -4*l + 2*p. Calculate the greatest common divisor of w and l.
2
Let b(r) = 3*r**2 - r + 3. Let w be b(-2). Suppose -11*f + w*f = 990. What is the highest common divisor of 15 and f?
15
Let v(k) = -k**3 + k**2. Let a be 5*(-9)/30*16/(-6). Let c be v(a). Let n = c + 56. What is the greatest common factor of n and 88?
8
Let x be 1404/45*40/(-6). Let n be x/(-40)*(-10)/(-4). What is the greatest common divisor of 13 and n?
13
Let y(q) = 1 + 12 + 0*q**2 + q**2. Let c be y(-6). Suppose 0 = 5*b + m - 60, 0*b - c = -3*b + 2*m. What is the highest common divisor of b and 91?
13
Let t(u) = 54*u**2 + 8*u - 3. Let z be t(1). Suppose -66 = 58*o - z*o. Calculate the greatest common factor of 42 and o.
6
Suppose -1866*q + 1880*q - 83496 = 0. What is the highest common factor of q and 84?
84
Let l(y) = 2*y**2 + 7*y - 45. Let s be l(4). Suppose -2*b + 56 = 2*r, -3*b - 10*r + 52 = -s*r. What is the highest common factor of b and 72?
24
Let k = 232 + -179. Let r be (k*5/(-20))/(4/(-16)). What is the greatest common divisor of r and 583?
53
Let l(x) = -x**2 - 25*x - 120. Let t be l(-17). What is the highest common factor of 3112 and t?
8
Let b(x) = 560*x - 4400. Let u be b(13). Calculate the greatest common factor of u and 270.
90
Let s be 2/8 - (-63)/(-12). Let f(u) = -3*u**3 + 2*u**2 - 4*u - 5. Let r be f(-2). Let q = s + r. What is the greatest common divisor of q and 15?
15
Let h be (-3)/((-3)/(-2))*-3. Suppose k = f, 4*f = 14*k - 19*k + 27. Let p(v) = 3*v**2 + v - 6. Let w be p(f). What is the highest common divisor of w and h?
6
Let s be ((-20979)/(-108))/((-6)/(-16)). Let x = s - -130. What is the greatest common divisor of 24 and x?
24
Suppose 90*a = 6111 + 5769. What is the greatest common divisor of 108 and a?
12
Suppose 0 = -16*l + 21048 - 5143 + 14559. What is the highest common divisor of l and 1008?
112
Suppose -5*s + 8 + 2 = 0. Suppose -162 = -5*z - s*m - m, -2*z + 48 = -3*m. Suppose 0 = 14*k + 13*k - 5*k - 132. Calculate the highest common factor of z and k.
6
Let x = -3175 - -3226. Suppose 3*c = l + 206, -1 = l + 1. Calculate the highest common factor of c and x.
17
Let g(k) = k**2 - 14*k + 30. Suppose 55 = 3*p + 4*m + 7, 5*m + 9 = 2*p. Let h be g(p). Calculate the highest common divisor of h and 114.
6
Suppose -530 = -6*m + m. Suppose 0 = 29*v - 50079 + 16265. What is the greatest common divisor of v and m?
106
Let s(m) = m**2 - 20*m + 99. Let j be s(12). Suppose -j*l - 2*z = -662, 2*l - 406 - 37 = -3*z. What is the highest common divisor of 132 and l?
44
Suppose 0 = 8*s - 11*s + 18. Suppose -2*b = 2*h - 34, -4*h + 48 + 2 = -2*b. Let i be (h/4 + 3)*12. What is the highest common divisor of i and s?
6
Let l be (-11 - (-132)/(-36))/((16/66)/(-4)). What is the highest common divisor of 440 and l?
22
Let n be (203 - (-40)/5) + -16 + 5. What is the greatest common divisor of n and 1440?
40
Let v(n) be the third derivative of -2*n**4/3 - 39*n**3/2 - 10*n**2 + 1. Let k be v(-8). Calculate the highest common factor of k and 671.
11
Let k be 18/6 - (-6 + 2). Suppose -35 + 420 = k*o. What is the highest 